{"id":8400,"date":"2025-04-29T16:40:51","date_gmt":"2025-04-29T14:40:51","guid":{"rendered":"https:\/\/www.aucoeurdelamain.fr\/?post_type=product&#038;p=8400"},"modified":"2025-04-29T16:44:16","modified_gmt":"2025-04-29T14:44:16","slug":"les-lampes-envol","status":"publish","type":"product","link":"https:\/\/www.aucoeurdelamain.fr\/index.php\/product\/les-lampes-envol\/","title":{"rendered":"Les Lampes Envol"},"content":{"rendered":"<h4>Les Lampes Envol<\/h4>\n<p>&nbsp;<\/p>\n<p><em>Vendues par la Maison PIASA <\/em><br \/>\n<em>Expos\u00e9es au Salon R\u00e9v\u00e9lations, juin 2022.<\/em><\/p>\n<p>&nbsp;<\/p>\n<p>Quand le bois suit le geste de la main et la flamme de la passion guide notre travail. Derni\u00e8res cr\u00e9ations des Ateliers BdM, ces Lampes Envol s\u2019inscrivent dans la lign\u00e9e de la lampe Itin\u00e9raire. Bandeau Led int\u00e9gr\u00e9 avec variateur pour une ambiance chaleureuse.<\/p>\n<p>&nbsp;<\/p>\n<p><em>Cr\u00e9ations uniques, sculpt\u00e9es \u00e0 la main,<\/em><\/p>\n<p><em>Choix des placages par les commanditaires.<\/em><\/p>\n<p><em>H 70 cm * Diam\u00e8tre 14 cm (Lampe de table)<\/em><\/p>\n<p><em>H 120 cm * Diam\u00e8tre 14 cm (Lampe de salon)<\/em><\/p>\n","protected":false},"excerpt":{"rendered":"<p>Les Lampes Envol &nbsp; Vendues par la Maison PIASA Expos\u00e9es au Salon R\u00e9v\u00e9lations, juin 2022. &nbsp; Quand le bois suit le geste de la main et la flamme de la passion guide notre travail. Derni\u00e8res cr\u00e9ations des Ateliers BdM, ces Lampes Envol s\u2019inscrivent dans la lign\u00e9e de la lampe Itin\u00e9raire.<\/p>\n","protected":false},"featured_media":6152,"comment_status":"open","ping_status":"closed","template":"","meta":[],"product_brand":[],"product_cat":[109],"product_tag":[],"class_list":{"0":"post-8400","1":"product","2":"type-product","3":"status-publish","4":"has-post-thumbnail","6":"product_cat-editions-bdm2","8":"first","9":"instock","10":"shipping-taxable","11":"purchasable","12":"product-type-simple"},"jetpack_sharing_enabled":true,"_links":{"self":[{"href":"https:\/\/www.aucoeurdelamain.fr\/index.php\/wp-json\/wp\/v2\/product\/8400","targetHints":{"allow":["GET"]}}],"collection":[{"href":"https:\/\/www.aucoeurdelamain.fr\/index.php\/wp-json\/wp\/v2\/product"}],"about":[{"href":"https:\/\/www.aucoeurdelamain.fr\/index.php\/wp-json\/wp\/v2\/types\/product"}],"replies":[{"embeddable":true,"href":"https:\/\/www.aucoeurdelamain.fr\/index.php\/wp-json\/wp\/v2\/comments?post=8400"}],"wp:featuredmedia":[{"embeddable":true,"href":"https:\/\/www.aucoeurdelamain.fr\/index.php\/wp-json\/wp\/v2\/media\/6152"}],"wp:attachment":[{"href":"https:\/\/www.aucoeurdelamain.fr\/index.php\/wp-json\/wp\/v2\/media?parent=8400"}],"wp:term":[{"taxonomy":"product_brand","embeddable":true,"href":"https:\/\/www.aucoeurdelamain.fr\/index.php\/wp-json\/wp\/v2\/product_brand?post=8400"},{"taxonomy":"product_cat","embeddable":true,"href":"https:\/\/www.aucoeurdelamain.fr\/index.php\/wp-json\/wp\/v2\/product_cat?post=8400"},{"taxonomy":"product_tag","embeddable":true,"href":"https:\/\/www.aucoeurdelamain.fr\/index.php\/wp-json\/wp\/v2\/product_tag?post=8400"}],"curies":[{"name":"wp","href":"https:\/\/api.w.org\/{rel}","templated":true}]}}

<h4>Les Lampes Envol</h4>
<p>&nbsp;</p>
<p><em>Vendues par la Maison PIASA </em><br />
<em>Exposées au Salon Révélations, juin 2022.</em></p>
<p>&nbsp;</p>
<p>Quand le bois suit le geste de la main et la flamme de la passion guide notre travail. Dernières créations des Ateliers BdM, ces Lampes Envol s’inscrivent dans la lignée de la lampe Itinéraire. Bandeau Led intégré avec variateur pour une ambiance chaleureuse.</p>
<p>&nbsp;</p>
<p><em>Créations uniques, sculptées à la main,</em></p>
<p><em>Choix des placages par les commanditaires.</em></p>
<p><em>H 70 cm * Diamètre 14 cm (Lampe de table)</em></p>
<p><em>H 120 cm * Diamètre 14 cm (Lampe de salon)</em></p>

<p>Les Lampes Envol &nbsp; Vendues par la Maison PIASA Exposées au Salon Révélations, juin 2022. &nbsp; Quand le bois suit le geste de la main et la flamme de la passion guide notre travail. Dernières créations des Ateliers BdM, ces Lampes Envol s’inscrivent dans la lignée de la lampe Itinéraire.</p>
