{"id":8394,"date":"2025-04-29T16:29:11","date_gmt":"2025-04-29T14:29:11","guid":{"rendered":"https:\/\/www.aucoeurdelamain.fr\/?post_type=product&#038;p=8394"},"modified":"2025-04-29T16:29:11","modified_gmt":"2025-04-29T14:29:11","slug":"tables-de-chevet-en-noyer","status":"publish","type":"product","link":"https:\/\/www.aucoeurdelamain.fr\/index.php\/product\/tables-de-chevet-en-noyer\/","title":{"rendered":"Tables de chevet en noyer"},"content":{"rendered":"<div class=\"gt-page-heading gt-dark gt-left\">\n<h3>Les veines du noyer<\/h3>\n<\/div>\n<div class=\"vc_empty_space\"><\/div>\n<div class=\"wpb_text_column wpb_content_element \">\n<div class=\"wpb_wrapper\">\n<p><em>Janvier 2018 \u2013 Noyer et ch\u00eane noirci \u2013<\/em><\/p>\n<p>&nbsp;<\/p>\n<p>Collaboration avec Benoit de Malezieux qui a dessin\u00e9 cette paire de table de chevets r\u00e9alis\u00e9es aux Ateliers BdM.<br \/>\nMeubles des Editions BdM2.<\/p>\n<\/div>\n<\/div>\n","protected":false},"excerpt":{"rendered":"<p>Les veines du noyer Janvier 2018 \u2013 Noyer et ch\u00eane noirci \u2013 &nbsp; Collaboration avec Benoit de Malezieux qui a dessin\u00e9 cette paire de table de chevets r\u00e9alis\u00e9es aux Ateliers BdM. Meubles des Editions BdM2.<\/p>\n","protected":false},"featured_media":2618,"comment_status":"open","ping_status":"closed","template":"","meta":[],"product_brand":[],"product_cat":[109],"product_tag":[],"class_list":{"0":"post-8394","1":"product","2":"type-product","3":"status-publish","4":"has-post-thumbnail","6":"product_cat-editions-bdm2","8":"first","9":"instock","10":"shipping-taxable","11":"purchasable","12":"product-type-simple"},"jetpack_sharing_enabled":true,"_links":{"self":[{"href":"https:\/\/www.aucoeurdelamain.fr\/index.php\/wp-json\/wp\/v2\/product\/8394","targetHints":{"allow":["GET"]}}],"collection":[{"href":"https:\/\/www.aucoeurdelamain.fr\/index.php\/wp-json\/wp\/v2\/product"}],"about":[{"href":"https:\/\/www.aucoeurdelamain.fr\/index.php\/wp-json\/wp\/v2\/types\/product"}],"replies":[{"embeddable":true,"href":"https:\/\/www.aucoeurdelamain.fr\/index.php\/wp-json\/wp\/v2\/comments?post=8394"}],"wp:featuredmedia":[{"embeddable":true,"href":"https:\/\/www.aucoeurdelamain.fr\/index.php\/wp-json\/wp\/v2\/media\/2618"}],"wp:attachment":[{"href":"https:\/\/www.aucoeurdelamain.fr\/index.php\/wp-json\/wp\/v2\/media?parent=8394"}],"wp:term":[{"taxonomy":"product_brand","embeddable":true,"href":"https:\/\/www.aucoeurdelamain.fr\/index.php\/wp-json\/wp\/v2\/product_brand?post=8394"},{"taxonomy":"product_cat","embeddable":true,"href":"https:\/\/www.aucoeurdelamain.fr\/index.php\/wp-json\/wp\/v2\/product_cat?post=8394"},{"taxonomy":"product_tag","embeddable":true,"href":"https:\/\/www.aucoeurdelamain.fr\/index.php\/wp-json\/wp\/v2\/product_tag?post=8394"}],"curies":[{"name":"wp","href":"https:\/\/api.w.org\/{rel}","templated":true}]}}

<div class="gt-page-heading gt-dark gt-left">
<h3>Les veines du noyer</h3>
</div>
<div class="vc_empty_space"></div>
<div class="wpb_text_column wpb_content_element ">
<div class="wpb_wrapper">
<p><em>Janvier 2018 – Noyer et chêne noirci –</em></p>
<p>&nbsp;</p>
<p>Collaboration avec Benoit de Malezieux qui a dessiné cette paire de table de chevets réalisées aux Ateliers BdM.<br />
Meubles des Editions BdM2.</p>
</div>
</div>

<p>Les veines du noyer Janvier 2018 – Noyer et chêne noirci – &nbsp; Collaboration avec Benoit de Malezieux qui a dessiné cette paire de table de chevets réalisées aux Ateliers BdM. Meubles des Editions BdM2.</p>
