{"id":8391,"date":"2025-04-29T16:25:26","date_gmt":"2025-04-29T14:25:26","guid":{"rendered":"https:\/\/www.aucoeurdelamain.fr\/?post_type=product&#038;p=8391"},"modified":"2025-04-29T16:25:49","modified_gmt":"2025-04-29T14:25:49","slug":"table-en-ebene-de-macassar","status":"publish","type":"product","link":"https:\/\/www.aucoeurdelamain.fr\/index.php\/product\/table-en-ebene-de-macassar\/","title":{"rendered":"Table en \u00e9b\u00e8ne de macassar"},"content":{"rendered":"<h3>Un voyage hors du temps<\/h3>\n<p>&nbsp;<\/p>\n<p><em>Janvier 2021 \u2013 2600*900* \u2013 Eb\u00e8ne de macassar<\/em><\/p>\n<p>&nbsp;<\/p>\n<p>Table en \u00c9b\u00e8ne de Macassar dessin\u00e9e par les Ateliers BdM avec Beno\u00eet de Malezieux. Passion pour ce jeu de couleurs noires et cr\u00e8mes. Cette pi\u00e8ce originale est r\u00e9alis\u00e9e en 3 parties, ces derni\u00e8res sont modulables et peuvent s\u2019assembler des 4 cot\u00e9s. Dans chaque configuration, les veines de ce bois chaleureux se r\u00e9pondent les unes aux autres.<\/p>\n","protected":false},"excerpt":{"rendered":"<p>Un voyage hors du temps &nbsp; Janvier 2021 \u2013 2600*900* \u2013 Eb\u00e8ne de macassar &nbsp; Table en \u00c9b\u00e8ne de Macassar dessin\u00e9e par les Ateliers BdM avec Beno\u00eet de Malezieux. Passion pour ce jeu de couleurs noires et cr\u00e8mes. Cette pi\u00e8ce originale est r\u00e9alis\u00e9e en 3 parties, ces derni\u00e8res sont modulables<\/p>\n","protected":false},"featured_media":7349,"comment_status":"open","ping_status":"closed","template":"","meta":[],"product_brand":[],"product_cat":[109],"product_tag":[],"class_list":{"0":"post-8391","1":"product","2":"type-product","3":"status-publish","4":"has-post-thumbnail","6":"product_cat-editions-bdm2","8":"first","9":"instock","10":"shipping-taxable","11":"purchasable","12":"product-type-simple"},"jetpack_sharing_enabled":true,"_links":{"self":[{"href":"https:\/\/www.aucoeurdelamain.fr\/index.php\/wp-json\/wp\/v2\/product\/8391","targetHints":{"allow":["GET"]}}],"collection":[{"href":"https:\/\/www.aucoeurdelamain.fr\/index.php\/wp-json\/wp\/v2\/product"}],"about":[{"href":"https:\/\/www.aucoeurdelamain.fr\/index.php\/wp-json\/wp\/v2\/types\/product"}],"replies":[{"embeddable":true,"href":"https:\/\/www.aucoeurdelamain.fr\/index.php\/wp-json\/wp\/v2\/comments?post=8391"}],"wp:featuredmedia":[{"embeddable":true,"href":"https:\/\/www.aucoeurdelamain.fr\/index.php\/wp-json\/wp\/v2\/media\/7349"}],"wp:attachment":[{"href":"https:\/\/www.aucoeurdelamain.fr\/index.php\/wp-json\/wp\/v2\/media?parent=8391"}],"wp:term":[{"taxonomy":"product_brand","embeddable":true,"href":"https:\/\/www.aucoeurdelamain.fr\/index.php\/wp-json\/wp\/v2\/product_brand?post=8391"},{"taxonomy":"product_cat","embeddable":true,"href":"https:\/\/www.aucoeurdelamain.fr\/index.php\/wp-json\/wp\/v2\/product_cat?post=8391"},{"taxonomy":"product_tag","embeddable":true,"href":"https:\/\/www.aucoeurdelamain.fr\/index.php\/wp-json\/wp\/v2\/product_tag?post=8391"}],"curies":[{"name":"wp","href":"https:\/\/api.w.org\/{rel}","templated":true}]}}