{"id":8389,"date":"2025-04-29T16:23:21","date_gmt":"2025-04-29T14:23:21","guid":{"rendered":"https:\/\/www.aucoeurdelamain.fr\/?post_type=product&#038;p=8389"},"modified":"2025-04-29T16:27:00","modified_gmt":"2025-04-29T14:27:00","slug":"modules-hexagone","status":"publish","type":"product","link":"https:\/\/www.aucoeurdelamain.fr\/index.php\/product\/modules-hexagone\/","title":{"rendered":"Modules Hexagone"},"content":{"rendered":"<h4>Modules Hexagone<\/h4>\n<p>&nbsp;<\/p>\n<p><em>Dimensions : 36\u201940\u201940 cm<\/em><br \/>\n<em>Mars 2022 \u2013 Expos\u00e9s dans la Galerie Guillaume <\/em><br \/>\n<em>D\u00e9cembre 2024 \u2013 Entr\u00e9e dans les Collections du Mobilier National<\/em><\/p>\n<p>&nbsp;<\/p>\n<p>Dans la lign\u00e9e des modules Papillon, ceux-l\u00e0 sont \u00e9galement con\u00e7us avec Beno\u00eet de Mal\u00e9zieux au sein des \u00c9ditions BdM2.<\/p>\n<p>Utilisables seuls (table basse, bout de canap\u00e9) ou assembl\u00e9s (biblioth\u00e8que), ils offrent des espaces personnalisables et configurables.<\/p>\n<p><em>Pour chaque collection de modules, choisissez une ou deux essences,<\/em><\/p>\n<p><em>S\u00e9ries num\u00e9rot\u00e9es (ici Ch\u00eane et Acajou)<\/em><\/p>\n","protected":false},"excerpt":{"rendered":"<p>Modules Hexagone &nbsp; Dimensions : 36\u201940\u201940 cm Mars 2022 \u2013 Expos\u00e9s dans la Galerie Guillaume D\u00e9cembre 2024 \u2013 Entr\u00e9e dans les Collections du Mobilier National &nbsp; Dans la lign\u00e9e des modules Papillon, ceux-l\u00e0 sont \u00e9galement con\u00e7us avec Beno\u00eet de Mal\u00e9zieux au sein des \u00c9ditions BdM2. Utilisables seuls (table basse, bout<\/p>\n","protected":false},"featured_media":6160,"comment_status":"open","ping_status":"closed","template":"","meta":[],"product_brand":[],"product_cat":[109],"product_tag":[],"class_list":{"0":"post-8389","1":"product","2":"type-product","3":"status-publish","4":"has-post-thumbnail","6":"product_cat-editions-bdm2","8":"first","9":"instock","10":"shipping-taxable","11":"purchasable","12":"product-type-simple"},"jetpack_sharing_enabled":true,"_links":{"self":[{"href":"https:\/\/www.aucoeurdelamain.fr\/index.php\/wp-json\/wp\/v2\/product\/8389","targetHints":{"allow":["GET"]}}],"collection":[{"href":"https:\/\/www.aucoeurdelamain.fr\/index.php\/wp-json\/wp\/v2\/product"}],"about":[{"href":"https:\/\/www.aucoeurdelamain.fr\/index.php\/wp-json\/wp\/v2\/types\/product"}],"replies":[{"embeddable":true,"href":"https:\/\/www.aucoeurdelamain.fr\/index.php\/wp-json\/wp\/v2\/comments?post=8389"}],"wp:featuredmedia":[{"embeddable":true,"href":"https:\/\/www.aucoeurdelamain.fr\/index.php\/wp-json\/wp\/v2\/media\/6160"}],"wp:attachment":[{"href":"https:\/\/www.aucoeurdelamain.fr\/index.php\/wp-json\/wp\/v2\/media?parent=8389"}],"wp:term":[{"taxonomy":"product_brand","embeddable":true,"href":"https:\/\/www.aucoeurdelamain.fr\/index.php\/wp-json\/wp\/v2\/product_brand?post=8389"},{"taxonomy":"product_cat","embeddable":true,"href":"https:\/\/www.aucoeurdelamain.fr\/index.php\/wp-json\/wp\/v2\/product_cat?post=8389"},{"taxonomy":"product_tag","embeddable":true,"href":"https:\/\/www.aucoeurdelamain.fr\/index.php\/wp-json\/wp\/v2\/product_tag?post=8389"}],"curies":[{"name":"wp","href":"https:\/\/api.w.org\/{rel}","templated":true}]}}

<h4>Modules Hexagone</h4>
<p>&nbsp;</p>
<p><em>Dimensions : 36’40’40 cm</em><br />
<em>Mars 2022 – Exposés dans la Galerie Guillaume </em><br />
<em>Décembre 2024 – Entrée dans les Collections du Mobilier National</em></p>
<p>&nbsp;</p>
<p>Dans la lignée des modules Papillon, ceux-là sont également conçus avec Benoît de Malézieux au sein des Éditions BdM2.</p>
<p>Utilisables seuls (table basse, bout de canapé) ou assemblés (bibliothèque), ils offrent des espaces personnalisables et configurables.</p>
<p><em>Pour chaque collection de modules, choisissez une ou deux essences,</em></p>
<p><em>Séries numérotées (ici Chêne et Acajou)</em></p>

<p>Modules Hexagone &nbsp; Dimensions : 36’40’40 cm Mars 2022 – Exposés dans la Galerie Guillaume Décembre 2024 – Entrée dans les Collections du Mobilier National &nbsp; Dans la lignée des modules Papillon, ceux-là sont également conçus avec Benoît de Malézieux au sein des Éditions BdM2. Utilisables seuls (table basse, bout</p>
